k, -4*k - r = 5*z. What is the units digit of ((-617)/(-4))/z - 1/4?
4
Let k = 64992 - 22937. What is the thousands digit of k?
2
Let a(k) = -9*k - 20. Let o be a(-4). Let w be (o/(-5))/((-22)/55). Suppose -w*b + 393 = 81. What is the tens digit of b?
3
Let h(z) = 21*z - 301. Let y be h(0). Let u = y + 1202. What is the units digit of u?
1
What is the units digit of (0 + 185)*(-432)/1350*-305?
6
Let a be 1*(5 - 5)*-1. Suppose 2*p = -3*c - a*c + 501, p = -4*c + 663. What is the units digit of c?
5
Suppose 19911 = -2*q + 14*q - 85149. What is the tens digit of q?
5
Let m be 1 + 8/4*(-170)/4. Let j = 111 + m. Let r = 68 - j. What is the units digit of r?
1
Let s(j) = 6*j + 9. Let w be s(-2). Let t be (8/(-10))/(w/(-15)). What is the units digit of ((-208)/6)/(t/6)?
2
Let t = -46 - 16. Suppose 0 = -5*p - 193 + 918. Let c = t + p. What is the units digit of c?
3
Let k be 12/(-21) + 3/((-21)/(-655)). Let y = 93 - k. Suppose 3*n - 5*n + 162 = y. What is the tens digit of n?
8
Let i(a) be the second derivative of 74*a**3/3 + 59*a**2/2 - 26*a - 1. What is the thousands digit of i(10)?
1
Let a(b) = -2*b**3 - 38*b**2 - 41*b - 157. What is the units digit of a(-23)?
8
Let l be ((-712)/(-16))/((-51)/(-18) - 3). Let k = l + 922. What is the tens digit of k?
5
Let k = 57077 - 27575. What is the ten thousands digit of k?
2
Let k(j) = -9*j + 149. Let v be k(0). Let f = 245 - v. What is the units digit of f?
6
Let o(m) be the third derivative of 35*m**4/24 + 11*m**3/6 + 2*m**2 - 5. What is the units digit of o(6)?
1
Let f = 14864 - 8291. What is the hundreds digit of f?
5
Let r be 64 - 60 - (-1 - -1)/(-2). Suppose r*i = -6*i + 7790. What is the tens digit of i?
7
Suppose -14*r + 92004 = -2*r. Suppose -15*n + 32*n - r = 0. What is the tens digit of n?
5
Let m be -3*(-2)/4*(-560)/(-21). Suppose -106 + m = -f. What is the units digit of f?
6
Let t(b) = 2*b**2 - 51*b + 28. Let m be t(24). What is the hundreds digit of -5 + m/(-8) - (-2238)/4?
5
Let q(i) = 74*i**2 + 150*i + 3838. What is the ten thousands digit of q(-28)?
5
Suppose 13*z = 2*z + 759. Let x be (-3 - z/(-9))*18. Suppose 0 = t + 2*s - x, -s = 2*t + 4*s - 168. What is the units digit of t?
4
Let t = 40 + -45. Let d(x) = -7*x**3 + 2*x**2 - 5*x - 24. Let b be d(t). What is the tens digit of (-4)/(-16) - b/(-8)?
1
Let g(p) = -p**3 - 12*p**2 + 16*p + 41. Let u be g(-13). Suppose 3*r - 3*q = u*r + 101, r = 4*q + 105. What is the tens digit of r?
8
What is the units digit of (19 + (-4 - -14))*258?
2
Suppose 5*p - 5*m - 5 = 0, -3 - 3 = -4*p + 2*m. What is the hundreds digit of (-3720)/(-12) + p + 0?
3
Let h = -106 - -92. Let m be 4/h + 30/(-42) + 4. Suppose 12*i - m*i = 252. What is the units digit of i?
8
Let p(i) be the third derivative of 15*i**4/4 + 2*i**3/3 + 13*i**2. Let c(v) = -18*v - 1. Let b(l) = -16*c(l) - 3*p(l). What is the tens digit of b(3)?
5
Let q(a) = 27*a**2 - 46*a - 272 + 245 + 2*a**2 - a**3. What is the hundreds digit of q(27)?
1
What is the ten thousands digit of -3208*(-851)/92 - 21?
2
Let y(g) = 635*g - 159. What is the thousands digit of y(3)?
1
What is the thousands digit of -36*-1*(-3)/8*29148/(-18)?
1
Let h(p) = -p**3 - 17*p**2 + p + 9. Let y be h(-16). Let n = y - 18. Let i = -145 - n. What is the units digit of i?
6
Suppose -358*o + 22876932 + 11496288 = 4297998. What is the hundreds digit of o?
0
Suppose 12*s = 3*s. Suppose s = -j - 2*j + 420. Let m = j + -49. What is the tens digit of m?
9
Suppose 8*s - 21 - 235 = 0. Suppose -a = a + m - 64, -128 = -4*a + m. Let h = s + a. What is the tens digit of h?
6
Suppose -m = 3*u - 185, -712 = -68*m + 64*m + 2*u. Let v be ((-612)/(-2) - 0) + 0. Let k = v - m. What is the units digit of k?
7
What is the tens digit of (175688 + -336)*2/16?
1
Let u = 67 + -52. Suppose -3*z + 0*z = -u. Suppose z - 95 = -3*w. What is the tens digit of w?
3
Suppose 0 = 28*u - 14*u + 3290. Let t = u + 414. What is the hundreds digit of t?
1
Suppose -b + 39806 = 12*w - 5*w, 3*b - 119486 = -4*w. What is the ten thousands digit of b?
3
Let c be -2*((-9)/6 + 1). Let l be (-154)/21*3/(-2)*59. Suppose -4*v - c = -l. What is the units digit of v?
2
Let p(o) = -426*o**3 - 17*o**2 - 10*o + 35. What is the hundreds digit of p(-6)?
4
What is the tens digit of ((-130)/(-13))/2 - -4150?
5
Suppose 0 = -55*m + 51*m + t + 184740, -t = 4*m - 184724. What is the hundreds digit of m?
1
Suppose -2*x + 1572 = n, -2*n = 2*x + 785 - 2357. What is the units digit of -1 + x + -10 + 9?
4
Let h(r) = 85 + 2*r**2 + 14*r - 10*r**2 - 94 + r**3. What is the units digit of h(6)?
3
Suppose -r - 3*t + t + 1006 = 0, -4*r - 5*t = -4033. Suppose -n = 4*u - r, 0 = -n + 5*u + 577 + 417. What is the tens digit of n/14 + (-2)/(-7)?
7
Suppose 0 = 30*o - 142231 - 35609. What is the thousands digit of o?
5
Let p = 10907 - 4134. What is the units digit of p?
3
What is the hundreds digit of ((-1937)/(-3) + 14)*9?
9
Suppose 9115 = 8*y + g, -4*y = 4*g - 1314 - 3226. What is the hundreds digit of y?
1
Let c(x) = -5*x**2 + 12*x - 10. Let t be c(9). Suppose 5*r - 400 + 1270 = 0. Let d = r - t. What is the tens digit of d?
3
Suppose 0 = 135*p - 180032 - 237658. What is the hundreds digit of p?
0
Let m(l) = -l**2 - 5*l + 23. Let z be m(-12). Let v = z - -65. Suppose -v*c + 11*c = 140. What is the tens digit of c?
2
Let z(i) = -2*i - 2. Let v be z(-7). Suppose -v*s = -9*s - 9. What is the tens digit of 20 - (-2 - -4 - s)?
2
Suppose 2795 = -6*g - 7*g. Let j = 167 - g. What is the hundreds digit of j?
3
Let u(j) = -j**2 - 228*j + 55. What is the units digit of u(-63)?
0
Suppose -48*o - 752 = 1696. Suppose 2*a - 487 = -173. Let j = o + a. What is the hundreds digit of j?
1
Let r = 28341 + -13311. What is the units digit of r?
0
Let j(w) = 10 + 0 + 1 + 19*w. What is the units digit of j(3)?
8
Let d(i) = -9 + 30 + 4*i**2 + 42*i - 5*i**2 - 11*i - 2*i. Let r = -22 + 48. What is the units digit of d(r)?
9
Let u = -12373 - -20975. What is the units digit of u?
2
Suppose 10*b + 303 = -247. What is the units digit of (b/(-10))/((-3)/(-180))?
0
Suppose 13 = 2*a - 3*b - 2, -3*b - 3 = 2*a. Suppose -3*l - 1139 = -2*q, -7*q + 568 = -6*q - a*l. What is the units digit of q?
1
Let h(g) be the third derivative of -g**5/20 + 5*g**4/24 + 16*g**3/3 - 27*g**2. Let n be h(-4). What is the units digit of (-15 - (-2 - -4))/(4/n)?
3
Suppose 115313 = 4*x + i, x + i - 20806 = 8023. What is the ten thousands digit of x?
2
Let i be (6 - 3)*(-2)/(-3). Suppose 28 = -4*v + 5*a, i*v = -v - 3*a - 48. Let l = 21 - v. What is the tens digit of l?
3
Let v = -401 + 199. Let z = 493 + v. What is the tens digit of z?
9
Suppose -4*d + 137 = 5*u - d, 4*u + 3*d - 112 = 0. Suppose 9 = -u*l + 26*l. Suppose -5*j + l*j = 392. What is the units digit of j?
8
Let i be 8/6 + 1 + (-11)/33. Suppose -5*z - i*u = -1944, 0*z = 5*z - u - 1953. What is the units digit of z?
0
Let m(q) = -q**3 + 36*q**2 - 4*q + 104. Let b be m(36). What is the tens digit of -8*(-2 - (-3285)/b)?
7
Let r(u) = u**3 + 75*u**2 + 95*u - 249. What is the tens digit of r(-67)?
9
Let v(t) = t**2 - 16*t + 16. Suppose -2*f - 7 + 37 = 0. Let u be v(f). What is the tens digit of (-35)/(-15)*(18*u)/1?
4
Suppose 17*x - 770609 = -35682. What is the thousands digit of x?
3
Suppose -3*u + 4*u = 12620. Suppose -12*j = -22*j + u. What is the thousands digit of j?
1
Suppose -11*l = -2*u - 12*l + 3, 4*u + 5*l = -3. Suppose 1102 = u*j - 2*q, -j = -q - 170 - 199. What is the units digit of j?
4
Let y = 13014 + -8591. What is the units digit of y?
3
Suppose 28 = -x - 50. Suppose 0 = -f - 3, 0*p = 2*p - 2*f - 266. Let y = x + p. What is the units digit of y?
2
Let y(z) = 40*z - 31*z + 13 - 22 + 9 + 4*z**2 + 6. Let j = 16 + -10. What is the hundreds digit of y(j)?
2
Let b(h) = -4*h**3 - 4*h**2 - 3*h + 8. Let g be b(3). Let y = g + 406. What is the units digit of y?
1
What is the hundreds digit of ((-1596)/36 + 25)*14862/(-4)?
8
Let t be (-23)/(-46) - (1 + 93/(-6)). Suppose 9*r = t*r - 864. What is the units digit of r?
4
Suppose 2*y + 4*p + 4 = 0, 4*y - 10 = y + 2*p. Suppose 2*l + 5*z + 3 = 0, 10*l + 8*z - 4*z - 90 = 0. What is the units digit of (30 - l)/((-2)/(-8)*y)?
8
Let h be 4 + (-4)/6 + (-2387)/(-3). Suppose h = 9*r + 97. What is the units digit of r?
8
Let t = 12744 + -3177. What is the hundreds digit of t?